est common divisor of 1572 and 98905.
131
Calculate the greatest common divisor of 2928 and 137080176.
2928
Calculate the highest common divisor of 235584 and 1128.
24
What is the highest common factor of 84073 and 15928?
11
What is the highest common factor of 1172 and 8213083?
293
What is the greatest common factor of 1107612 and 4356?
396
Calculate the highest common divisor of 2214372457 and 3641.
3641
Calculate the highest common divisor of 11343 and 18061837.
3781
Calculate the greatest common divisor of 3552 and 2373624.
888
Calculate the greatest common divisor of 15435171 and 54.
27
Calculate the highest common divisor of 948871279 and 69.
23
Calculate the greatest common divisor of 9 and 29660343.
3
Calculate the greatest common divisor of 211737586 and 4094.
4094
What is the greatest common divisor of 3312 and 9459?
9
What is the greatest common factor of 2798193 and 3894?
177
Calculate the greatest common divisor of 4999583 and 10081.
593
What is the highest common factor of 138160098 and 198?
18
What is the greatest common factor of 9848790 and 1120?
70
Calculate the highest common factor of 131539308 and 21268.
1636
Calculate the highest common divisor of 62720 and 22099.
49
Calculate the greatest common divisor of 53954573 and 6302.
3151
What is the highest common divisor of 6642 and 87858162?
2214
What is the greatest common factor of 3333106 and 56?
14
What is the highest common factor of 298202 and 94?
2
Calculate the highest common divisor of 55216669 and 1423.
1423
What is the greatest common factor of 193326 and 4014?
6
What is the greatest common factor of 5796659 and 1511932?
2759
Calculate the highest common factor of 174896889 and 5838.
417
What is the highest common divisor of 51 and 144198233?
17
Calculate the greatest common factor of 716499536 and 16.
16
What is the greatest common factor of 3696 and 42144333?
231
What is the highest common divisor of 530914167 and 63?
63
What is the highest common factor of 8 and 115901276?
4
What is the greatest common factor of 2108326 and 47047?
517
What is the greatest common divisor of 872131 and 27521?
949
What is the highest common divisor of 23 and 13817457?
23
Calculate the greatest common factor of 8232 and 104570508.
588
Calculate the highest common factor of 209 and 2133329.
11
Calculate the highest common divisor of 3794992 and 4520.
904
What is the highest common divisor of 90 and 107293770?
90
What is the highest common factor of 59319832 and 1144?
1144
What is the highest common factor of 78218220 and 1885?
145
Calculate the greatest common factor of 221 and 69171232.
221
What is the highest common divisor of 3360 and 1184295?
105
What is the highest common factor of 182303 and 7931?
11
Calculate the highest common divisor of 89507 and 52327.
11
Calculate the greatest common divisor of 3964 and 38081157.
991
Calculate the highest common divisor of 45 and 1527075.
45
What is the greatest common divisor of 7866 and 2662641?
3933
What is the highest common divisor of 3672 and 233376?
408
What is the highest common divisor of 74320 and 9362462?
1858
Calculate the highest common divisor of 3903874 and 155714.
1378
Calculate the greatest common divisor of 210635 and 30385.
515
Calculate the highest common factor of 2585334 and 2568.
642
Calculate the highest common divisor of 18667735 and 49445.
4495
Calculate the greatest common factor of 161 and 1529723951.
161
Calculate the highest common factor of 212 and 152731054.
106
What is the greatest common factor of 323 and 8287857?
323
Calculate the greatest common factor of 129 and 37162363.
43
What is the greatest common divisor of 6878886 and 751548?
966
Calculate the greatest common factor of 3 and 6008802.
3
What is the greatest common factor of 9506 and 764724429?
4753
Calculate the greatest common factor of 2088 and 152234079.
87
What is the highest common divisor of 584071 and 37018?
83
Calculate the greatest common factor of 658 and 3745838054.
658
What is the highest common factor of 614380 and 152900?
2780
What is the highest common divisor of 34188828 and 1140?
228
What is the highest common factor of 24759 and 64999711?
917
What is the greatest common factor of 209374 and 103152?
614
Calculate the highest common factor of 20757 and 38178228.
1221
Calculate the greatest common factor of 2140880 and 23840.
80
What is the greatest common divisor of 3296 and 19208?
8
Calculate the greatest common divisor of 112101825 and 1275.
1275
What is the greatest common divisor of 1044 and 37944441?
261
What is the greatest common factor of 22923 and 34101?
81
Calculate the greatest common factor of 32 and 50516512.
32
What is the highest common factor of 156110634 and 10569?
813
Calculate the greatest common factor of 15106044 and 24.
12
Calculate the greatest common factor of 10681 and 141251.
11
What is the highest common divisor of 536288 and 928?
32
What is the greatest common divisor of 1762176 and 1443?
39
Calculate the greatest common divisor of 12613488 and 176.
16
Calculate the greatest common factor of 934 and 2010902.
934
What is the greatest common factor of 61432336 and 112?
112
Calculate the highest common divisor of 22330020 and 16260.
60
What is the highest common factor of 3546 and 2501112?
1182
What is the highest common divisor of 560 and 1682000?
80
What is the highest common factor of 259794 and 19818?
54
Calculate the highest common factor of 1843435 and 5324.
1331
Calculate the greatest common factor of 16806 and 852489952.
5602
Calculate the highest common factor of 182 and 253141616.
182
Calculate the highest common divisor of 48 and 15712428.
12
Calculate the greatest common factor of 374262 and 17150.
98
What is the greatest common factor of 1324775 and 28025?
475
Calculate the greatest common factor of 109922 and 29150.
106
What is the highest common divisor of 147873602 and 478?
478
Calculate the greatest common factor of 171421 and 226033.
1517
Calculate the greatest common factor of 551 and 1255961.
29
What is the highest common factor of 192 and 2956704?
96
Calculate the greatest common divisor of 5600 and 4803050.
350
Calculate the highest common factor of 216908374 and 6621.
2207
What is the highest common factor of 44 and 27758324?
44
What is the highest common factor of 131 and 4943765246?
131
What is the greatest common divisor of 5154603 and 9417?
219
Calculate the greatest common divisor of 58148056 and 323.
19
Calculate the greatest common divisor of 2992 and 1426096.
272
What is the highest common factor of 519 and 1638478848?
519
Calculate the highest common factor of 4049109 and 2187.
243
What is the greatest common factor of 680 and 1259224?
136
What is the greatest common factor of 1076026407 and 1956?
489
What is the highest common divisor of 8894054 and 535?
107
What is the highest common divisor of 2340571 and 16011?
593
Calculate the highest common factor of 12892880 and 20735.
715
What is the greatest common factor of 22 and 3941806?
22
What is the greatest common factor of 882 and 117408?
6
Calculate the highest common divisor of 37728 and 31757472.
288
What is the greatest common factor of 436 and 96199912?
436
What is the greatest common factor of 143185 and 5145?
35
Calculate the greatest common factor of 17011022 and 1076.
538
What is the greatest common factor of 1764 and 401742?
18
What is the highest common divisor of 182 and 34808137?
91
Calculate the highest common divisor of 646 and 280413096.
646
What is the highest common divisor of 23600 and 249452?
236
What is the highest common factor of 97809690 and 9960?
2490
What is the highest common divisor of 69696 and 5445?
1089
What is the greatest common divisor of 13930 and 1141378?
14
Calculate the highest common divisor of 203000 and 1333500.
3500
What is the greatest common factor of 165273624 and 9?
9
Calculate the highest common divisor of 41404527 and 243.
243
Calculate the greatest common factor of 42 and 23119656.
42
Calculate the greatest common factor of 300557967 and 706.
353
Calculate the highest common factor of 12367357 and 62.
31
Calculate the highest common factor of 115 and 149136025.
115
What is the greatest common factor of 65984 and 1168?
16
What is the highest common divisor of 2 and 2934301?